{"id":262,"date":"2025-04-02T20:14:52","date_gmt":"2025-04-02T20:14:52","guid":{"rendered":"https:\/\/jfc.company\/home\/?page_id=262"},"modified":"2025-04-02T20:43:30","modified_gmt":"2025-04-02T20:43:30","slug":"contact","status":"publish","type":"page","link":"https:\/\/jfc.company\/home\/contact\/","title":{"rendered":"Contact"},"content":{"rendered":"\n<div class=\"wp-block-cover alignfull is-light has-contrast-color has-text-color has-link-color wp-elements-8c3b04ff2e96e50d1e35afa2b812b5ef wp-duotone-midnight-filter\" style=\"margin-top:0;margin-bottom:0;padding-top:var(--wp--preset--spacing--60);padding-right:var(--wp--preset--spacing--50);padding-bottom:var(--wp--preset--spacing--60);padding-left:var(--wp--preset--spacing--50)\"><span aria-hidden=\"true\" class=\"wp-block-cover__background has-base-background-color has-background-dim-100 has-background-dim\"><\/span><div class=\"wp-block-cover__inner-container has-global-padding is-layout-constrained wp-container-core-cover-is-layout-873ee6b1 wp-block-cover-is-layout-constrained\">\n<div class=\"wp-block-columns alignwide is-layout-flex wp-container-core-columns-is-layout-7ee84d44 wp-block-columns-is-layout-flex\">\n<div class=\"wp-block-column is-layout-flow wp-block-column-is-layout-flow\" style=\"flex-basis:65%\">\n<div class=\"wp-block-group is-vertical is-content-justification-stretch is-layout-flex wp-container-core-group-is-layout-353c4f5a wp-block-group-is-layout-flex\">\n<h2 class=\"wp-block-heading has-text-align-left\" style=\"font-size:clamp(8.042rem, 8.042rem + ((1vw - 0.2rem) * 21.895), 22rem);font-style:normal;font-weight:300;letter-spacing:-0.03em;line-height:1.4\">Hey,<\/h2>\n\n\n\n<p class=\"is-style-text-subtitle is-style-text-subtitle--1\">JF Capital International Limited<\/p>\n\n\n\n<p>JF Capital International Limited is a company dedicated to investment management and financial services. Our aim is to provide our clients with bespoke financial solutions that enable them to achieve their investment goals.<\/p>\n\n\n\n<h2 class=\"wp-block-heading\">Why it is important to contact us through this medium<\/h2>\n\n\n\n<ul class=\"wp-block-list\">\n<li><strong>Secure communication<\/strong>: This channel offers a protected environment to discuss confidential financial information.<\/li>\n\n\n\n<li><strong>Personalised attention<\/strong>: We can respond to your enquiries directly and tailored to your specific needs.<\/li>\n\n\n\n<li><strong>Documentation of conversations<\/strong>: Maintains a record of our interactions for your future reference.<\/li>\n\n\n\n<li><strong>Access to up-to-date information<\/strong>: Receive the latest news about our services and investment opportunities.<\/li>\n\n\n\n<li><strong>Efficiency<\/strong>: Quick resolution of enquiries without the need to schedule in-person appointments.<\/li>\n<\/ul>\n\n\n\n<p class=\"is-style-text-subtitle is-style-text-subtitle--2\">To begin working with us or receive more information about our services, please do not hesitate to share your concerns or specific requirements through this channel.\u200b\u200b\u200b\u200b\u200b\u200b\u200b\u200b\u200b\u200b\u200b\u200b\u200b\u200b\u200b\u200b<\/p>\n\n\n<p>[forminator_form id=&#8221;261&#8243;]<\/p>\n<\/div>\n<\/div>\n\n\n\n<div class=\"wp-block-column is-layout-flow wp-block-column-is-layout-flow\" style=\"flex-basis:35%\">\n<div class=\"wp-block-group is-vertical is-content-justification-stretch is-nowrap is-layout-flex wp-container-core-group-is-layout-73b0033c wp-block-group-is-layout-flex\">\n<figure class=\"wp-block-image size-full wp-duotone-midnight-filter\"><img loading=\"lazy\" decoding=\"async\" width=\"970\" height=\"646\" src=\"https:\/\/jfc.company\/home\/wp-content\/uploads\/2025\/04\/a-tall-building-in-a-city.jpg\" alt=\"JF Capital International Limited es una compa\u00f1\u00eda dedicada a la gesti\u00f3n de inversiones y servicios financieros. Nuestro objetivo es proporcionar a nuestros clientes soluciones financieras personalizadas que les permitan alcanzar sus metas de inversi\u00f3n.\" class=\"wp-image-268\" style=\"aspect-ratio:3\/4;object-fit:cover\" srcset=\"https:\/\/jfc.company\/home\/wp-content\/uploads\/2025\/04\/a-tall-building-in-a-city.jpg 970w, https:\/\/jfc.company\/home\/wp-content\/uploads\/2025\/04\/a-tall-building-in-a-city-300x200.jpg 300w, https:\/\/jfc.company\/home\/wp-content\/uploads\/2025\/04\/a-tall-building-in-a-city-768x511.jpg 768w\" sizes=\"auto, (max-width: 970px) 100vw, 970px\" \/><\/figure>\n\n\n\n<p class=\"has-text-align-right has-x-large-font-size\" style=\"line-height:1.2\"><a href=\"https:\/\/www.instagram.com\/jhonflorez\/\">Instagram<\/a><br><a href=\"http:\/\/www.linkedin.com\/in\/jhonflorezospina\/\">LinkedIn<\/a><br><a href=\"https:\/\/www.facebook.com\/jhonjflorezospina\">Facebook<\/a><\/p>\n<\/div>\n<\/div>\n<\/div>\n<\/div><\/div>\n","protected":false},"excerpt":{"rendered":"","protected":false},"author":1,"featured_media":0,"parent":0,"menu_order":0,"comment_status":"closed","ping_status":"closed","template":"","meta":{"footnotes":""},"class_list":["post-262","page","type-page","status-publish","hentry"],"_links":{"self":[{"href":"https:\/\/jfc.company\/home\/wp-json\/wp\/v2\/pages\/262","targetHints":{"allow":["GET"]}}],"collection":[{"href":"https:\/\/jfc.company\/home\/wp-json\/wp\/v2\/pages"}],"about":[{"href":"https:\/\/jfc.company\/home\/wp-json\/wp\/v2\/types\/page"}],"author":[{"embeddable":true,"href":"https:\/\/jfc.company\/home\/wp-json\/wp\/v2\/users\/1"}],"replies":[{"embeddable":true,"href":"https:\/\/jfc.company\/home\/wp-json\/wp\/v2\/comments?post=262"}],"version-history":[{"count":4,"href":"https:\/\/jfc.company\/home\/wp-json\/wp\/v2\/pages\/262\/revisions"}],"predecessor-version":[{"id":269,"href":"https:\/\/jfc.company\/home\/wp-json\/wp\/v2\/pages\/262\/revisions\/269"}],"wp:attachment":[{"href":"https:\/\/jfc.company\/home\/wp-json\/wp\/v2\/media?parent=262"}],"curies":[{"name":"wp","href":"https:\/\/api.w.org\/{rel}","templated":true}]}}